{"id":251,"date":"2024-07-19T23:22:32","date_gmt":"2024-07-20T02:22:32","guid":{"rendered":"https:\/\/sultec.com.br\/vistoria\/?page_id=251"},"modified":"2024-07-19T23:26:43","modified_gmt":"2024-07-20T02:26:43","slug":"politica-de-privacidade","status":"publish","type":"page","link":"https:\/\/sultec.com.br\/vistoria\/politica-de-privacidade\/","title":{"rendered":"Pol\u00edtica de Privacidade"},"content":{"rendered":"\t\t<div data-elementor-type=\"wp-page\" data-elementor-id=\"251\" class=\"elementor elementor-251\" data-elementor-post-type=\"page\">\n\t\t\t\t<div class=\"elementor-element elementor-element-2244009 e-flex e-con-boxed e-con e-parent\" data-id=\"2244009\" data-element_type=\"container\">\n\t\t\t\t\t<div class=\"e-con-inner\">\n\t\t\t\t<div class=\"elementor-element elementor-element-6ef5fb2 elementor-widget elementor-widget-image\" data-id=\"6ef5fb2\" data-element_type=\"widget\" data-widget_type=\"image.default\">\n\t\t\t\t<div class=\"elementor-widget-container\">\n\t\t\t\t\t\t\t\t\t\t\t\t\t\t\t<img decoding=\"async\" src=\"http:\/\/sultec.com.br\/vistoria\/wp-content\/uploads\/2024\/07\/logo.png\" title=\"\" alt=\"\" loading=\"lazy\" \/>\t\t\t\t\t\t\t\t\t\t\t\t\t\t\t<\/div>\n\t\t\t\t<\/div>\n\t\t\t\t<div class=\"elementor-element elementor-element-6a3fefda elementor-widget elementor-widget-heading\" data-id=\"6a3fefda\" data-element_type=\"widget\" data-widget_type=\"heading.default\">\n\t\t\t\t<div class=\"elementor-widget-container\">\n\t\t\t\t\t<h1 class=\"elementor-heading-title elementor-size-default\">Pol\u00edtica de Privacidade\n<\/h1>\t\t\t\t<\/div>\n\t\t\t\t<\/div>\n\t\t\t\t<div class=\"elementor-element elementor-element-349fddef elementor-widget elementor-widget-heading\" data-id=\"349fddef\" data-element_type=\"widget\" data-widget_type=\"heading.default\">\n\t\t\t\t<div class=\"elementor-widget-container\">\n\t\t\t\t\t<h3 class=\"elementor-heading-title elementor-size-default\">SULTEC VISTORIA DE VE\u00cdCULOS LTDA\n<\/h3>\t\t\t\t<\/div>\n\t\t\t\t<\/div>\n\t\t\t\t<div class=\"elementor-element elementor-element-39bd4a8f elementor-widget elementor-widget-text-editor\" data-id=\"39bd4a8f\" data-element_type=\"widget\" data-widget_type=\"text-editor.default\">\n\t\t\t\t<div class=\"elementor-widget-container\">\n\t\t\t\t\t\t\t\t\t<p>CNPJ: 05.799.163\/0001-08<br \/>Rua Bernardo Pires, 299 &#8211; Santana, Porto Alegre &#8211; RS, 90.620-010<\/p>\t\t\t\t\t\t\t\t<\/div>\n\t\t\t\t<\/div>\n\t\t\t\t<div class=\"elementor-element elementor-element-7dd667e5 elementor-widget elementor-widget-heading\" data-id=\"7dd667e5\" data-element_type=\"widget\" data-widget_type=\"heading.default\">\n\t\t\t\t<div class=\"elementor-widget-container\">\n\t\t\t\t\t<h3 class=\"elementor-heading-title elementor-size-default\">Data de Vig\u00eancia: 01\/07\/2024<\/h3>\t\t\t\t<\/div>\n\t\t\t\t<\/div>\n\t\t\t\t<div class=\"elementor-element elementor-element-785b5e3 elementor-widget elementor-widget-image-box\" data-id=\"785b5e3\" data-element_type=\"widget\" data-widget_type=\"image-box.default\">\n\t\t\t\t<div class=\"elementor-widget-container\">\n\t\t\t\t\t<div class=\"elementor-image-box-wrapper\"><div class=\"elementor-image-box-content\"><h3 class=\"elementor-image-box-title\">1. Introdu\u00e7\u00e3o<\/h3><p class=\"elementor-image-box-description\">A SULTEC VISTORIA DE VE\u00cdCULOS LTDA valoriza a privacidade de seus clientes e se compromete a proteger todas as informa\u00e7\u00f5es pessoais que coletamos. Esta Pol\u00edtica de Privacidade explica como coletamos, usamos, divulgamos e protegemos suas informa\u00e7\u00f5es pessoais quando voc\u00ea utiliza nossos servi\u00e7os e nosso site.<\/p><\/div><\/div>\t\t\t\t<\/div>\n\t\t\t\t<\/div>\n\t\t\t\t<div class=\"elementor-element elementor-element-582aa468 elementor-widget elementor-widget-image-box\" data-id=\"582aa468\" data-element_type=\"widget\" data-widget_type=\"image-box.default\">\n\t\t\t\t<div class=\"elementor-widget-container\">\n\t\t\t\t\t<div class=\"elementor-image-box-wrapper\"><div class=\"elementor-image-box-content\"><h3 class=\"elementor-image-box-title\">2. Informa\u00e7\u00f5es Coletadas<\/h3><p class=\"elementor-image-box-description\">Coletamos informa\u00e7\u00f5es pessoais que voc\u00ea nos fornece diretamente, como nome, endere\u00e7o, n\u00famero de telefone, e-mail e dados do ve\u00edculo. Tamb\u00e9m podemos coletar informa\u00e7\u00f5es automaticamente atrav\u00e9s do uso de cookies e tecnologias semelhantes quando voc\u00ea navega em nosso site.<\/p><\/div><\/div>\t\t\t\t<\/div>\n\t\t\t\t<\/div>\n\t\t\t\t<div class=\"elementor-element elementor-element-1250c5a0 elementor-widget elementor-widget-image-box\" data-id=\"1250c5a0\" data-element_type=\"widget\" data-widget_type=\"image-box.default\">\n\t\t\t\t<div class=\"elementor-widget-container\">\n\t\t\t\t\t<div class=\"elementor-image-box-wrapper\"><div class=\"elementor-image-box-content\"><h3 class=\"elementor-image-box-title\">3. Uso das Informa\u00e7\u00f5es<\/h3><p class=\"elementor-image-box-description\">Utilizamos suas informa\u00e7\u00f5es pessoais para:\n<br>\n<br>\n<ul class=\"lista\">\n<li>Fornecer e gerenciar nossos servi\u00e7os de consulta veicular e vistoria cautelar.<br>\n<\/li><li>\nComunicar com voc\u00ea sobre atualiza\u00e7\u00f5es, ofertas e promo\u00e7\u00f5es.<br>\n<\/li><li>\nMelhorar nossos servi\u00e7os e a experi\u00eancia do usu\u00e1rio.<br>\n<\/li><li>\nCumprir com obriga\u00e7\u00f5es legais e regulat\u00f3rias.\n<\/li>\n<\/ul><\/p><\/div><\/div>\t\t\t\t<\/div>\n\t\t\t\t<\/div>\n\t\t\t\t<div class=\"elementor-element elementor-element-31b29c6e elementor-widget elementor-widget-image-box\" data-id=\"31b29c6e\" data-element_type=\"widget\" data-widget_type=\"image-box.default\">\n\t\t\t\t<div class=\"elementor-widget-container\">\n\t\t\t\t\t<div class=\"elementor-image-box-wrapper\"><div class=\"elementor-image-box-content\"><h3 class=\"elementor-image-box-title\">4. Compartilhamento de Informa\u00e7\u00f5es<\/h3><p class=\"elementor-image-box-description\">N\u00e3o vendemos, alugamos ou compartilhamos suas informa\u00e7\u00f5es pessoais com terceiros, exceto quando necess\u00e1rio para fornecer nossos servi\u00e7os, conforme exigido por lei, ou com seu consentimento.<\/p><\/div><\/div>\t\t\t\t<\/div>\n\t\t\t\t<\/div>\n\t\t\t\t<div class=\"elementor-element elementor-element-6978cc48 elementor-widget elementor-widget-image-box\" data-id=\"6978cc48\" data-element_type=\"widget\" data-widget_type=\"image-box.default\">\n\t\t\t\t<div class=\"elementor-widget-container\">\n\t\t\t\t\t<div class=\"elementor-image-box-wrapper\"><div class=\"elementor-image-box-content\"><h3 class=\"elementor-image-box-title\">5. Seguran\u00e7a das Informa\u00e7\u00f5es<\/h3><p class=\"elementor-image-box-description\">Adotamos medidas de seguran\u00e7a adequadas para proteger suas informa\u00e7\u00f5es pessoais contra acesso n\u00e3o autorizado, altera\u00e7\u00e3o, divulga\u00e7\u00e3o ou destrui\u00e7\u00e3o. No entanto, nenhum m\u00e9todo de transmiss\u00e3o pela Internet ou de armazenamento eletr\u00f4nico \u00e9 100% seguro.<\/p><\/div><\/div>\t\t\t\t<\/div>\n\t\t\t\t<\/div>\n\t\t\t\t<div class=\"elementor-element elementor-element-218d1b27 elementor-widget elementor-widget-image-box\" data-id=\"218d1b27\" data-element_type=\"widget\" data-widget_type=\"image-box.default\">\n\t\t\t\t<div class=\"elementor-widget-container\">\n\t\t\t\t\t<div class=\"elementor-image-box-wrapper\"><div class=\"elementor-image-box-content\"><h3 class=\"elementor-image-box-title\">6. Seus Direitos<\/h3><p class=\"elementor-image-box-description\">Voc\u00ea tem o direito de acessar, corrigir ou excluir suas informa\u00e7\u00f5es pessoais. Para exercer esses direitos, entre em contato conosco pelo e-mail sultec@sultec.com.br<\/p><\/div><\/div>\t\t\t\t<\/div>\n\t\t\t\t<\/div>\n\t\t\t\t<div class=\"elementor-element elementor-element-36b1a007 elementor-widget elementor-widget-image-box\" data-id=\"36b1a007\" data-element_type=\"widget\" data-widget_type=\"image-box.default\">\n\t\t\t\t<div class=\"elementor-widget-container\">\n\t\t\t\t\t<div class=\"elementor-image-box-wrapper\"><div class=\"elementor-image-box-content\"><h3 class=\"elementor-image-box-title\">7. Altera\u00e7\u00f5es na Pol\u00edtica de Privacidade<\/h3><p class=\"elementor-image-box-description\">Podemos atualizar esta Pol\u00edtica de Privacidade periodicamente. Notificaremos voc\u00ea sobre quaisquer altera\u00e7\u00f5es significativas publicando a nova pol\u00edtica em nosso site e atualizando a data de vig\u00eancia.<\/p><\/div><\/div>\t\t\t\t<\/div>\n\t\t\t\t<\/div>\n\t\t\t\t<div class=\"elementor-element elementor-element-6b9b6560 elementor-widget elementor-widget-image-box\" data-id=\"6b9b6560\" data-element_type=\"widget\" data-widget_type=\"image-box.default\">\n\t\t\t\t<div class=\"elementor-widget-container\">\n\t\t\t\t\t<div class=\"elementor-image-box-wrapper\"><div class=\"elementor-image-box-content\"><h3 class=\"elementor-image-box-title\">8. Contato<\/h3><p class=\"elementor-image-box-description\">Se voc\u00ea tiver d\u00favidas sobre esta Pol\u00edtica de Privacidade, entre em contato conosco:<br>\n<ul class=\"lista\">\n<br><li><b>E-mail:<\/b> sultec@sultec.com.br\n<br><\/li><li>\n<b>Telefone:<\/b> 51 3393 0600<\/li>\n<\/ul><\/p><\/div><\/div>\t\t\t\t<\/div>\n\t\t\t\t<\/div>\n\t\t\t\t\t<\/div>\n\t\t\t\t<\/div>\n\t\t<footer class=\"elementor-element elementor-element-50f1782b e-flex e-con-boxed e-con e-parent\" data-id=\"50f1782b\" data-element_type=\"container\" data-settings=\"{&quot;background_background&quot;:&quot;classic&quot;}\">\n\t\t\t\t\t<div class=\"e-con-inner\">\n\t\t\t\t<div class=\"elementor-element elementor-element-5359e60c elementor-widget elementor-widget-text-editor\" data-id=\"5359e60c\" data-element_type=\"widget\" data-widget_type=\"text-editor.default\">\n\t\t\t\t<div class=\"elementor-widget-container\">\n\t\t\t\t\t\t\t\t\t<p>\u00a9 2024 Sultec Vistorias &#8211; Todos os Direitos Reservados<\/p>\t\t\t\t\t\t\t\t<\/div>\n\t\t\t\t<\/div>\n\t\t\t\t\t<\/div>\n\t\t\t\t<\/footer>\n\t\t\t\t<\/div>\n\t\t","protected":false},"excerpt":{"rendered":"<p>Pol\u00edtica de Privacidade SULTEC VISTORIA DE VE\u00cdCULOS LTDA CNPJ: 05.799.163\/0001-08Rua Bernardo Pires, 299 &#8211; Santana, Porto Alegre &#8211; RS, 90.620-010 Data de Vig\u00eancia: 01\/07\/2024 1. Introdu\u00e7\u00e3o A SULTEC VISTORIA DE VE\u00cdCULOS LTDA valoriza a privacidade de seus clientes e se compromete a proteger todas as informa\u00e7\u00f5es pessoais que coletamos. Esta Pol\u00edtica de Privacidade explica como [&hellip;]<\/p>\n","protected":false},"author":1,"featured_media":0,"parent":0,"menu_order":0,"comment_status":"closed","ping_status":"closed","template":"elementor_canvas","meta":{"inline_featured_image":false,"footnotes":""},"class_list":["post-251","page","type-page","status-publish","hentry"],"_links":{"self":[{"href":"https:\/\/sultec.com.br\/vistoria\/wp-json\/wp\/v2\/pages\/251","targetHints":{"allow":["GET"]}}],"collection":[{"href":"https:\/\/sultec.com.br\/vistoria\/wp-json\/wp\/v2\/pages"}],"about":[{"href":"https:\/\/sultec.com.br\/vistoria\/wp-json\/wp\/v2\/types\/page"}],"author":[{"embeddable":true,"href":"https:\/\/sultec.com.br\/vistoria\/wp-json\/wp\/v2\/users\/1"}],"replies":[{"embeddable":true,"href":"https:\/\/sultec.com.br\/vistoria\/wp-json\/wp\/v2\/comments?post=251"}],"version-history":[{"count":4,"href":"https:\/\/sultec.com.br\/vistoria\/wp-json\/wp\/v2\/pages\/251\/revisions"}],"predecessor-version":[{"id":258,"href":"https:\/\/sultec.com.br\/vistoria\/wp-json\/wp\/v2\/pages\/251\/revisions\/258"}],"wp:attachment":[{"href":"https:\/\/sultec.com.br\/vistoria\/wp-json\/wp\/v2\/media?parent=251"}],"curies":[{"name":"wp","href":"https:\/\/api.w.org\/{rel}","templated":true}]}}